{"id":73,"date":"2014-12-15T10:32:11","date_gmt":"2014-12-15T10:32:11","guid":{"rendered":"http:\/\/hometown-fresh.loc\/?page_id=73"},"modified":"2016-08-14T09:44:04","modified_gmt":"2016-08-14T09:44:04","slug":"ueber-uns","status":"publish","type":"page","link":"https:\/\/ladensteinhome.com\/index.php\/download\/ueber-uns\/","title":{"rendered":"\u00dcber uns"},"content":{"rendered":"<p>[vc_row css=&#187;.vc_custom_1418708174317{padding-top: 40px !important;padding-bottom: 0px !important;background-color: #ffffff !important;}&#187;][vc_column width=&#187;1\/2&#8243; css=&#187;.vc_custom_1418369768679{padding-right: 40px !important;}&#187;][vc_empty_space height=&#187;45px&#187;][vc_empty_space height=&#187;30px&#187;][vc_text_separator title=&#187;Ladenstein Home&#187; title_align=&#187;separator_align_left&#187;][vc_column_text]<strong>Herzlich Willkommen bei Ladenstein Home &#8211; Ihrem Immobilienmakler <\/strong><\/p>\n<p>Ladenstein Home ist ein inhabergef\u00fchrtes und von Banken unabh\u00e4ngiges Unternehmen, das durch seine umfassenden Marktkenntnisse als zuverl\u00e4ssiger und kompetenter Partner in allen Fragen rund um das Thema Immobilie Ihnen zur Seite steht. Der Kunde steht im Mittelpunkt unseres Handelns und alle Auftr\u00e4ge werden stets vertraulich behandelt und ausgef\u00fchrt. So ist es unser Ziel mit unseren Kunden ein partnerschaftliches Verh\u00e4ltnis aufzubauen, welches durch Vertrauen und Wertsch\u00e4tzung gepr\u00e4gt ist.[\/vc_column_text][vc_empty_space height=&#187;20px&#187;][\/vc_column][vc_column width=&#187;1\/2&#8243;][vc_empty_space height=&#187;45px&#187;][vc_single_image image=&#187;2428&#8243; img_size=&#187;full&#187; alignment=&#187;center&#187; css_animation=&#187;appear&#187; css=&#187;.vc_custom_1470724264842{margin-top: 10px !important;margin-right: 10px !important;margin-bottom: 10px !important;margin-left: 10px !important;border-top-width: 30px !important;border-right-width: 30px !important;border-bottom-width: 30px !important;border-left-width: 30px !important;border-radius: 1px !important;}&#187;][\/vc_column][\/vc_row]<\/p>\n","protected":false},"excerpt":{"rendered":"<p>[vc_row css=&#187;.vc_custom_1418708174317{padding-top: 40px !important;padding-bottom: 0px !important;background-color: #ffffff !important;}&#187;][vc_column width=&#187;1\/2&#8243; css=&#187;.vc_custom_1418369768679{padding-right: 40px !important;}&#187;][vc_empty_space height=&#187;45px&#187;][vc_empty_space height=&#187;30px&#187;][vc_text_separator title=&#187;Ladenstein Home&#187; title_align=&#187;separator_align_left&#187;][vc_column_text]Herzlich Willkommen bei Ladenstein Home &#8211; Ihrem Immobilienmakler Ladenstein Home ist ein inhabergef\u00fchrtes und von Banken unabh\u00e4ngiges Unternehmen, das durch seine umfassenden Marktkenntnisse als zuverl\u00e4ssiger und kompetenter Partner in allen Fragen rund um das Thema Immobilie Ihnen zur Seite<\/p>\n","protected":false},"author":1,"featured_media":2378,"parent":58,"menu_order":0,"comment_status":"open","ping_status":"closed","template":"template-full-width.php","meta":[],"_links":{"self":[{"href":"https:\/\/ladensteinhome.com\/index.php\/wp-json\/wp\/v2\/pages\/73"}],"collection":[{"href":"https:\/\/ladensteinhome.com\/index.php\/wp-json\/wp\/v2\/pages"}],"about":[{"href":"https:\/\/ladensteinhome.com\/index.php\/wp-json\/wp\/v2\/types\/page"}],"author":[{"embeddable":true,"href":"https:\/\/ladensteinhome.com\/index.php\/wp-json\/wp\/v2\/users\/1"}],"replies":[{"embeddable":true,"href":"https:\/\/ladensteinhome.com\/index.php\/wp-json\/wp\/v2\/comments?post=73"}],"version-history":[{"count":48,"href":"https:\/\/ladensteinhome.com\/index.php\/wp-json\/wp\/v2\/pages\/73\/revisions"}],"predecessor-version":[{"id":2294,"href":"https:\/\/ladensteinhome.com\/index.php\/wp-json\/wp\/v2\/pages\/73\/revisions\/2294"}],"up":[{"embeddable":true,"href":"https:\/\/ladensteinhome.com\/index.php\/wp-json\/wp\/v2\/pages\/58"}],"wp:featuredmedia":[{"embeddable":true,"href":"https:\/\/ladensteinhome.com\/index.php\/wp-json\/wp\/v2\/media\/2378"}],"wp:attachment":[{"href":"https:\/\/ladensteinhome.com\/index.php\/wp-json\/wp\/v2\/media?parent=73"}],"curies":[{"name":"wp","href":"https:\/\/api.w.org\/{rel}","templated":true}]}}