{"id":71,"date":"2014-12-15T10:30:26","date_gmt":"2014-12-15T10:30:26","guid":{"rendered":"http:\/\/hometown-fresh.loc\/?page_id=71"},"modified":"2016-08-14T09:48:46","modified_gmt":"2016-08-14T09:48:46","slug":"services","status":"publish","type":"page","link":"https:\/\/ladensteinhome.com\/index.php\/download\/services\/","title":{"rendered":"SERVICES"},"content":{"rendered":"<p>[vc_row][vc_column][vc_text_separator title=&#187;Ihr richtiger Ansprechpartner:&#187; sub_title=&#187;WIR BIETEN&#187; sub_title_position=&#187;before&#187;][vc_empty_space height=&#187;45px&#187;][vc_column_text]\u00dcberlassen Sie nichts dem Zufall und vertrauen Sie von Anfang an einem Fachmann, der Sie rund um Ihre Immobilie ber\u00e4t. Profitieren Sie in von unseren Fach- und Marktkenntnissen, die das Ziel verfolgen, einen gerechten Interessenausgleich zwischen Verk\u00e4ufer und K\u00e4ufer zu gew\u00e4hren. Zufriedenheit und Sicherheit von Beginn an &#8211; das ist unser Versprechen an unsere Kunden.<\/p>\n<p>Auch wenn Sie nur eine einfache Frage zu Ihrer Immobilie haben \u2013 sprechen Sie uns an. Wir teilen unser Wissen gerne mit Ihnen, weil wir wissen, dass der Kauf oder der Verkauf einer Immobilie ein gro\u00dfer Schritt ist und wir m\u00f6chten Sie gerne dabei unterst\u00fctzen.<\/p>\n<p>[\/vc_column_text][vc_empty_space height=&#187;50px&#187;][vc_row_inner][vc_column_inner width=&#187;1\/3&#8243;][vc_teaser_box title=&#187;Vermittlung&#187; image=&#187;2427&#8243;][\/vc_teaser_box][\/vc_column_inner][vc_column_inner width=&#187;1\/3&#8243;][vc_teaser_box title=&#187;Suchauftrag&#187; image=&#187;2378&#8243;][\/vc_teaser_box][\/vc_column_inner][vc_column_inner width=&#187;1\/3&#8243;][vc_teaser_box title=&#187;Rund-um-Service&#187; image=&#187;1779&#8243;][\/vc_teaser_box][\/vc_column_inner][\/vc_row_inner][vc_empty_space height=&#187;20px&#187;][\/vc_column][\/vc_row]<\/p>\n","protected":false},"excerpt":{"rendered":"<p>[vc_row][vc_column][vc_text_separator title=&#187;Ihr richtiger Ansprechpartner:&#187; sub_title=&#187;WIR BIETEN&#187; sub_title_position=&#187;before&#187;][vc_empty_space height=&#187;45px&#187;][vc_column_text]\u00dcberlassen Sie nichts dem Zufall und vertrauen Sie von Anfang an einem Fachmann, der Sie rund um Ihre Immobilie ber\u00e4t. Profitieren Sie in von unseren Fach- und Marktkenntnissen, die das Ziel verfolgen, einen gerechten Interessenausgleich zwischen Verk\u00e4ufer und K\u00e4ufer zu gew\u00e4hren. Zufriedenheit und Sicherheit von Beginn an &#8211;<\/p>\n","protected":false},"author":1,"featured_media":0,"parent":58,"menu_order":0,"comment_status":"open","ping_status":"open","template":"template-full-width.php","meta":[],"_links":{"self":[{"href":"https:\/\/ladensteinhome.com\/index.php\/wp-json\/wp\/v2\/pages\/71"}],"collection":[{"href":"https:\/\/ladensteinhome.com\/index.php\/wp-json\/wp\/v2\/pages"}],"about":[{"href":"https:\/\/ladensteinhome.com\/index.php\/wp-json\/wp\/v2\/types\/page"}],"author":[{"embeddable":true,"href":"https:\/\/ladensteinhome.com\/index.php\/wp-json\/wp\/v2\/users\/1"}],"replies":[{"embeddable":true,"href":"https:\/\/ladensteinhome.com\/index.php\/wp-json\/wp\/v2\/comments?post=71"}],"version-history":[{"count":16,"href":"https:\/\/ladensteinhome.com\/index.php\/wp-json\/wp\/v2\/pages\/71\/revisions"}],"predecessor-version":[{"id":2385,"href":"https:\/\/ladensteinhome.com\/index.php\/wp-json\/wp\/v2\/pages\/71\/revisions\/2385"}],"up":[{"embeddable":true,"href":"https:\/\/ladensteinhome.com\/index.php\/wp-json\/wp\/v2\/pages\/58"}],"wp:attachment":[{"href":"https:\/\/ladensteinhome.com\/index.php\/wp-json\/wp\/v2\/media?parent=71"}],"curies":[{"name":"wp","href":"https:\/\/api.w.org\/{rel}","templated":true}]}}